{"id":23,"date":"2021-03-27T13:33:02","date_gmt":"2021-03-27T12:33:02","guid":{"rendered":"https:\/\/xviicongressomlac.azionecattolica.it\/?page_id=23"},"modified":"2021-04-17T09:00:25","modified_gmt":"2021-04-17T07:00:25","slug":"home-page","status":"publish","type":"page","link":"https:\/\/xviicongressomlac.azionecattolica.it\/","title":{"rendered":"Home page"},"content":{"rendered":"\n<figure class=\"wp-block-image alignfull size-large\"><img loading=\"lazy\" width=\"1024\" height=\"538\" src=\"https:\/\/xviicongressomlac.azionecattolica.it\/wp-content\/uploads\/2021\/03\/Logo-Congresso-naz.-2021-1024x538.jpg\" alt=\"\" class=\"wp-image-25\" srcset=\"https:\/\/xviicongressomlac.azionecattolica.it\/wp-content\/uploads\/2021\/03\/Logo-Congresso-naz.-2021-1024x538.jpg 1024w, https:\/\/xviicongressomlac.azionecattolica.it\/wp-content\/uploads\/2021\/03\/Logo-Congresso-naz.-2021-300x158.jpg 300w, https:\/\/xviicongressomlac.azionecattolica.it\/wp-content\/uploads\/2021\/03\/Logo-Congresso-naz.-2021-768x403.jpg 768w, https:\/\/xviicongressomlac.azionecattolica.it\/wp-content\/uploads\/2021\/03\/Logo-Congresso-naz.-2021.jpg 1462w\" sizes=\"(max-width: 1024px) 100vw, 1024px\" \/><\/figure>\n\n\n\n<figure class=\"wp-block-embed aligncenter is-type-video is-provider-youtube wp-block-embed-youtube wp-embed-aspect-16-9 wp-has-aspect-ratio\"><div class=\"wp-block-embed__wrapper\">\n<iframe loading=\"lazy\" title=\"Congresso Nazionale Movimento Lavoratori Azione Cattolica (MLAC)\" width=\"750\" height=\"422\" src=\"https:\/\/www.youtube.com\/embed\/edKADjegjyg?feature=oembed\" frameborder=\"0\" allow=\"accelerometer; autoplay; clipboard-write; encrypted-media; gyroscope; picture-in-picture\" allowfullscreen><\/iframe>\n<\/div><\/figure>\n\n\n\n<div class=\"wp-block-columns\">\n<div class=\"wp-block-column\" style=\"flex-basis:66.66%\">\n<p>Siamo arrivati al traguardo congressuale. Un anno dopo. In quest\u2019anno abbiamo imparato tante cose e tante cose sono cambiate, nella nostra vita e nel lavoro. Quest\u2019ultimo \u00e8 cambiato profondamente. Le tecnologie hanno invaso le nostre case. La rete Internet, usata principalmente per lo svago e per le attivit\u00e0 ludiche, \u00e8 stata messa al centro della nostra vita e delle nostre relazioni. Siamo stati, e lo siamo tuttora, a distanza per un minuscolo virus che, se assunto nel nostro corpo, pu\u00f2 produrre malattie importanti. Ma stiamo resistendo a tutto ci\u00f2 e, anzi, stiamo cercando di resistere per ricominciare a vivere come prima. Nel frattempo, per\u00f2, non siamo stati fermi. Le attivit\u00e0 associative, di gruppo, non si sono fermate ma si sono trasformate in incontri digitali, superando le barriere spazio temporali e permettendo a ciascuno di noi di incontrare, attraverso il video, persone lontane e a vedere contributi formativi e spirituali, in tempi adeguati ai nostri ritmi, magari prodotti altrove con persone che non avremmo mai incontrato. Il congresso MLAC prover\u00e0 a fare il punto di cosa \u00e8 divenuto il lavoro oggi, e come cambier\u00e0 per sempre in alcuni suoi aspetti. Parleremo dei suoi aspetti pastorali, economici, sociali e di impatto sulla vita di tutti noi. Mentre speriamo di avvicinarci sempre di pi\u00f9 al termine della pandemia, \u00e8 necessario riprendere i temi del cambiamento climatico, del modello di sviluppo, del cambiamento del mondo del lavoro, certi come siamo che riusciremo a ri-partire pi\u00f9 forti di prima. Dobbiamo essere capaci di continuare e migliorare l\u2019accompagnamento delle persone, soprattutto i pi\u00f9 deboli e quelli che sono rimasti indietro, con le attivit\u00e0 di vita associativa e sociale.<\/p>\n\n\n\n<p>Buon congresso a tutte\/i.<\/p>\n\n\n\n<p><strong>Appuntamento in piattaforma nei giorni 16-18 Aprile<\/strong> p.v. per il congresso, con un piccolo assaggio con le <strong>giornate di progettazione sociale<\/strong> che si svolgeranno il <strong>10 e 11 aprile<\/strong>, sempre in piattaforma web.<\/p>\n\n\n\n<p>State sintonizzati<\/p>\n<\/div>\n\n\n\n<div class=\"wp-block-column\" style=\"flex-basis:33.33%\">\n<div class=\"wp-block-buttons alignfull is-content-justification-center\">\n<div class=\"wp-block-button\"><a class=\"wp-block-button__link\" href=\"https:\/\/eventi.azionecattolica.it\/mlac\/xvii-congresso-nazionale-16-18-aprile-2021\" target=\"_blank\" rel=\"noreferrer noopener\">Iscriviti al XVII Congresso<\/a><\/div>\n<\/div>\n\n\n\n<h2>Materiali utili<\/h2>\n\n\n\n<ul><li><a rel=\"noreferrer noopener\" href=\"https:\/\/xviicongressomlac.azionecattolica.it\/wp-content\/uploads\/2021\/03\/LETTERA.pdf\" target=\"_blank\">LETTERA<\/a><\/li><li><a rel=\"noreferrer noopener\" href=\"https:\/\/xviicongressomlac.azionecattolica.it\/wp-content\/uploads\/2021\/03\/PROGRAMMA.pdf\" target=\"_blank\">PROGRAMMA<\/a><\/li><li><a rel=\"noreferrer noopener\" href=\"https:\/\/xviicongressomlac.azionecattolica.it\/wp-content\/uploads\/2021\/03\/NOTE-TECNICHE.pdf\" target=\"_blank\">NOTE TECNICHE<\/a><\/li><li><a rel=\"noreferrer noopener\" href=\"https:\/\/xviicongressomlac.azionecattolica.it\/wp-content\/uploads\/2021\/03\/REGOLAMENTO.doc\" target=\"_blank\">REGOLAMENTO<\/a><\/li><li><a rel=\"noreferrer noopener\" href=\"https:\/\/xviicongressomlac.azionecattolica.it\/wp-content\/uploads\/2021\/04\/Bozza-Documento-XVIICongressoMLAC_20210331.pdf\" target=\"_blank\">BOZZA DOCUMENTO<\/a><\/li><li><a rel=\"noreferrer noopener\" href=\"https:\/\/xviicongressomlac.azionecattolica.it\/wp-content\/uploads\/2021\/03\/DELEGA-MLAC_2021.docx\" target=\"_blank\">DELEGA<\/a><\/li><li><a rel=\"noreferrer noopener\" href=\"https:\/\/xviicongressomlac.azionecattolica.it\/wp-content\/uploads\/2021\/03\/VERBALE-CONGRESSI-DIOCESANI.doc\" target=\"_blank\">VERBALE CONGRESSI DIOCESANI<\/a><\/li><li><a rel=\"noreferrer noopener\" href=\"https:\/\/xviicongressomlac.azionecattolica.it\/wp-content\/uploads\/2021\/03\/MODULO-CANDIDATURA-MEMBRO-ELETTO-EQUIPE-NAZIONALE-MLAC_2021.doc\" target=\"_blank\">MODULO CANDIDATURA MEMBRO ELETTO EQUIPE NAZIONALE<\/a><\/li><li><a rel=\"noreferrer noopener\" href=\"https:\/\/xviicongressomlac.azionecattolica.it\/wp-content\/uploads\/2021\/03\/MODULO-ACCREDITAMENTO-DELEGATI-AL-VOTO.docx\" target=\"_blank\">MODULO ACCREDITAMENTO DELEGATI AL VOTO<\/a><\/li><li><a rel=\"noreferrer noopener\" href=\"https:\/\/xviicongressomlac.azionecattolica.it\/wp-content\/uploads\/2021\/03\/MODULO-CANDIDATURA-VICE-SEGRETARIO-NAZIONALE-MLAC_2021.doc\" target=\"_blank\">MODULO CANDIDATURA VICE SEGRETARIO NAZIONALE<\/a><\/li><li><a rel=\"noreferrer noopener\" href=\"https:\/\/xviicongressomlac.azionecattolica.it\/wp-content\/uploads\/2021\/03\/MODULO-CANDIDATURA-SEGRETARIO-NAZIONALE-MLAC_2021.doc\" target=\"_blank\">MODULO CANDIDATURA SEGRETARIO NAZIONALE<\/a><\/li><\/ul>\n<\/div>\n<\/div>\n\n\n\n<div class=\"wp-block-buttons alignfull is-content-justification-center\">\n<div class=\"wp-block-button\"><a class=\"wp-block-button__link\" href=\"https:\/\/eventi.azionecattolica.it\/mlac\/xvii-congresso-nazionale-16-18-aprile-2021\" target=\"_blank\" rel=\"noreferrer noopener\">Iscriviti al XVII Congresso<\/a><\/div>\n<\/div>\n","protected":false},"excerpt":{"rendered":"<p>Siamo arrivati al traguardo congressuale. Un anno dopo. In quest\u2019anno abbiamo imparato tante cose e tante cose sono cambiate, nella nostra vita e nel lavoro. Quest\u2019ultimo \u00e8 cambiato profondamente. Le tecnologie hanno invaso le nostre case. La rete Internet, usata principalmente per lo svago e per le attivit\u00e0 ludiche, \u00e8 [&hellip;]<\/p>\n","protected":false},"author":1,"featured_media":0,"parent":0,"menu_order":0,"comment_status":"closed","ping_status":"closed","template":"","meta":{"pgc_sgb_lightbox_settings":""},"_links":{"self":[{"href":"https:\/\/xviicongressomlac.azionecattolica.it\/index.php?rest_route=\/wp\/v2\/pages\/23"}],"collection":[{"href":"https:\/\/xviicongressomlac.azionecattolica.it\/index.php?rest_route=\/wp\/v2\/pages"}],"about":[{"href":"https:\/\/xviicongressomlac.azionecattolica.it\/index.php?rest_route=\/wp\/v2\/types\/page"}],"author":[{"embeddable":true,"href":"https:\/\/xviicongressomlac.azionecattolica.it\/index.php?rest_route=\/wp\/v2\/users\/1"}],"replies":[{"embeddable":true,"href":"https:\/\/xviicongressomlac.azionecattolica.it\/index.php?rest_route=%2Fwp%2Fv2%2Fcomments&post=23"}],"version-history":[{"count":25,"href":"https:\/\/xviicongressomlac.azionecattolica.it\/index.php?rest_route=\/wp\/v2\/pages\/23\/revisions"}],"predecessor-version":[{"id":106,"href":"https:\/\/xviicongressomlac.azionecattolica.it\/index.php?rest_route=\/wp\/v2\/pages\/23\/revisions\/106"}],"wp:attachment":[{"href":"https:\/\/xviicongressomlac.azionecattolica.it\/index.php?rest_route=%2Fwp%2Fv2%2Fmedia&parent=23"}],"curies":[{"name":"wp","href":"https:\/\/api.w.org\/{rel}","templated":true}]}}